{"id":799,"date":"2017-05-10T12:13:21","date_gmt":"2017-05-10T10:13:27","guid":{"rendered":"http:\/\/168920-www.web.tornado-node.net\/renholdssoner\/hvem-er-vi\/var-ledelse-2\/"},"modified":"2020-08-18T10:19:26","modified_gmt":"2020-08-18T08:19:26","slug":"var-ledning","status":"publish","type":"page","link":"https:\/\/n3.se\/n3zones\/om-oss\/var-ledning\/","title":{"rendered":"V\u00e5r ledning"},"content":{"rendered":"<p>[vc_row el_class=&#8221;smallcontainer&#8221;][vc_column][vc_column_text]<\/p>\n<h1 style=\"text-align: center;\">V\u00e5r ledning<\/h1>\n<h4 style=\"text-align: center;\">Vi har\u00a0mer \u00e4n 30 \u00e5rs erfarenhet inom f\u00f6rs\u00e4ljning och kundservice.<\/h4>\n<p>[\/vc_column_text][\/vc_column][\/vc_row][vc_row][vc_column][vc_column_text]<div class='container kontaktpersoner'><div class='row'><div class='col-md-6 kontaktperson hide_on_mobile'><div class='col-md-4'><img class='img-responsive' src='https:\/\/n3.se\/wp-content\/uploads\/sites\/7\/2017\/05\/dag.png'><\/div><div class='col-md-8'><h6>Dag Hognerud<\/h6><p>Group CCO<br><b>T: <\/b>+47 98 28 61 51<br><b>E: <\/b><a href='mailto:dh@n3.no'>dh@n3.no<\/a><\/p><\/div><\/div><div class=' hide_on_desktop vc_toggle vc_toggle_round vc_toggle_color_default  vc_toggle_size_md'><div class='vc_toggle_title'><h4>Dag Hognerud<\/h4><i class='vc_toggle_icon'><\/i><\/div><div class='vc_toggle_content'><div class='col-md-12 kontaktperson'><div class='col-md-4'><img class='img-responsive' src='https:\/\/n3.se\/wp-content\/uploads\/sites\/7\/2017\/05\/dag.png'><\/div><div class='col-md-8'><p>Group CCO<br><b>T: <\/b>+47 98 28 61 51<br><b>E: <\/b><a href='mailto:dh@n3.no'>dh@n3.no<\/a><\/p><\/div><\/div><\/div><\/div><div class='col-md-6 kontaktperson hide_on_mobile'><div class='col-md-4'><img class='img-responsive' src='https:\/\/n3.se\/wp-content\/uploads\/sites\/7\/2021\/03\/Marius-Gareid2.png'><\/div><div class='col-md-8'><h6>Marius Gareid<\/h6><p>Group CEO<br><b>T: <\/b>+47 93 21 98 37\u202c<br><b>E: <\/b><a href='mailto:mg@n3.no'>mg@n3.no<\/a><\/p><\/div><\/div><div class=' hide_on_desktop vc_toggle vc_toggle_round vc_toggle_color_default  vc_toggle_size_md'><div class='vc_toggle_title'><h4>Marius Gareid<\/h4><i class='vc_toggle_icon'><\/i><\/div><div class='vc_toggle_content'><div class='col-md-12 kontaktperson'><div class='col-md-4'><img class='img-responsive' src='https:\/\/n3.se\/wp-content\/uploads\/sites\/7\/2021\/03\/Marius-Gareid2.png'><\/div><div class='col-md-8'><p>Group CEO<br><b>T: <\/b>+47 93 21 98 37\u202c<br><b>E: <\/b><a href='mailto:mg@n3.no'>mg@n3.no<\/a><\/p><\/div><\/div><\/div><\/div><div class='col-md-6 kontaktperson hide_on_mobile'><div class='col-md-4'><img class='img-responsive' src='https:\/\/n3.se\/wp-content\/uploads\/sites\/7\/2017\/05\/Erik-Hedin-N3-e1662027735734.png'><\/div><div class='col-md-8'><h6>Erik Hedin<\/h6><p>Country Manager, Sales<br><b>T: <\/b>070-721 86 51<br><b>E: <\/b><a href='mailto:eh@n3.se'>eh@n3.se<\/a><\/p><\/div><\/div><div class=' hide_on_desktop vc_toggle vc_toggle_round vc_toggle_color_default  vc_toggle_size_md'><div class='vc_toggle_title'><h4>Erik Hedin<\/h4><i class='vc_toggle_icon'><\/i><\/div><div class='vc_toggle_content'><div class='col-md-12 kontaktperson'><div class='col-md-4'><img class='img-responsive' src='https:\/\/n3.se\/wp-content\/uploads\/sites\/7\/2017\/05\/Erik-Hedin-N3-e1662027735734.png'><\/div><div class='col-md-8'><p>Country Manager, Sales<br><b>T: <\/b>070-721 86 51<br><b>E: <\/b><a href='mailto:eh@n3.se'>eh@n3.se<\/a><\/p><\/div><\/div><\/div><\/div><div class='col-md-6 kontaktperson hide_on_mobile'><div class='col-md-4'><img class='img-responsive' src='https:\/\/n3.se\/wp-content\/uploads\/sites\/7\/2017\/05\/Mikael-1.png'><\/div><div class='col-md-8'><h6>Mikael B\u00e4ck<\/h6><p>VD N3 Sverige AB & H\u00e5llbarhetschef<br><b>T: <\/b>+47 93 87 56 70<br><b>E: <\/b><a href='mailto:mb@n3.no'>mb@n3.no<\/a><\/p><\/div><\/div><div class=' hide_on_desktop vc_toggle vc_toggle_round vc_toggle_color_default  vc_toggle_size_md'><div class='vc_toggle_title'><h4>Mikael B\u00e4ck<\/h4><i class='vc_toggle_icon'><\/i><\/div><div class='vc_toggle_content'><div class='col-md-12 kontaktperson'><div class='col-md-4'><img class='img-responsive' src='https:\/\/n3.se\/wp-content\/uploads\/sites\/7\/2017\/05\/Mikael-1.png'><\/div><div class='col-md-8'><p>VD N3 Sverige AB & H\u00e5llbarhetschef<br><b>T: <\/b>+47 93 87 56 70<br><b>E: <\/b><a href='mailto:mb@n3.no'>mb@n3.no<\/a><\/p><\/div><\/div><\/div><\/div><div class='col-md-6 kontaktperson hide_on_mobile'><div class='col-md-4'><img class='img-responsive' src='https:\/\/n3.se\/wp-content\/uploads\/sites\/7\/2021\/03\/Victor2-e1725006369365.png'><\/div><div class='col-md-8'><h6>Victor Malmstedt<\/h6><p>Driftschef<br><b>T: <\/b>+47 45 11 95 60<br><b>E: <\/b><a href='mailto:vm@n3.no'>vm@n3.no<\/a><\/p><\/div><\/div><div class=' hide_on_desktop vc_toggle vc_toggle_round vc_toggle_color_default  vc_toggle_size_md'><div class='vc_toggle_title'><h4>Victor Malmstedt<\/h4><i class='vc_toggle_icon'><\/i><\/div><div class='vc_toggle_content'><div class='col-md-12 kontaktperson'><div class='col-md-4'><img class='img-responsive' src='https:\/\/n3.se\/wp-content\/uploads\/sites\/7\/2021\/03\/Victor2-e1725006369365.png'><\/div><div class='col-md-8'><p>Driftschef<br><b>T: <\/b>+47 45 11 95 60<br><b>E: <\/b><a href='mailto:vm@n3.no'>vm@n3.no<\/a><\/p><\/div><\/div><\/div><\/div><div class='col-md-6 kontaktperson hide_on_mobile'><div class='col-md-4'><img class='img-responsive' src='https:\/\/n3.se\/wp-content\/uploads\/sites\/7\/2017\/05\/Marianne-J-e1705055956885.png'><\/div><div class='col-md-8'><h6>Marianne Jonasson<\/h6><p>Key Account Manager<br><b>T: <\/b>070-211 64 04<br><b>E: <\/b><a href='mailto:mj@n3.se'>mj@n3.se<\/a><\/p><\/div><\/div><div class=' hide_on_desktop vc_toggle vc_toggle_round vc_toggle_color_default  vc_toggle_size_md'><div class='vc_toggle_title'><h4>Marianne Jonasson<\/h4><i class='vc_toggle_icon'><\/i><\/div><div class='vc_toggle_content'><div class='col-md-12 kontaktperson'><div class='col-md-4'><img class='img-responsive' src='https:\/\/n3.se\/wp-content\/uploads\/sites\/7\/2017\/05\/Marianne-J-e1705055956885.png'><\/div><div class='col-md-8'><p>Key Account Manager<br><b>T: <\/b>070-211 64 04<br><b>E: <\/b><a href='mailto:mj@n3.se'>mj@n3.se<\/a><\/p><\/div><\/div><\/div><\/div><div class='col-md-6 kontaktperson hide_on_mobile'><div class='col-md-4'><img class='img-responsive' src='https:\/\/n3.se\/wp-content\/uploads\/sites\/7\/2017\/05\/Untitled-1.png'><\/div><div class='col-md-8'><h6>Stefan Andersson<\/h6><p>Kundansvarig \/ Certifierad golvl\u00e4ggare<br><b>T: <\/b>076-105 83 75<br><b>E: <\/b><a href='mailto:sa@n3.se'>sa@n3.se<\/a><\/p><\/div><\/div><div class=' hide_on_desktop vc_toggle vc_toggle_round vc_toggle_color_default  vc_toggle_size_md'><div class='vc_toggle_title'><h4>Stefan Andersson<\/h4><i class='vc_toggle_icon'><\/i><\/div><div class='vc_toggle_content'><div class='col-md-12 kontaktperson'><div class='col-md-4'><img class='img-responsive' src='https:\/\/n3.se\/wp-content\/uploads\/sites\/7\/2017\/05\/Untitled-1.png'><\/div><div class='col-md-8'><p>Kundansvarig \/ Certifierad golvl\u00e4ggare<br><b>T: <\/b>076-105 83 75<br><b>E: <\/b><a href='mailto:sa@n3.se'>sa@n3.se<\/a><\/p><\/div><\/div><\/div><\/div><\/div><\/div>[\/vc_column_text][\/vc_column][\/vc_row][vc_row el_class=&#8221;container&#8221;][vc_column][vc_column_text]<span style=\"color: #999999;\"><span class=\"\">N\u00e5gra profilbilder \u00e4r tagna av Robert Hammar 2016-20<\/span><span class=\"\">17.<\/span><\/span>[\/vc_column_text][\/vc_column][\/vc_row]<\/p>\n","protected":false},"excerpt":{"rendered":"<p>[vc_row el_class=&#8221;smallcontainer&#8221;][vc_column][vc_column_text] V\u00e5r ledning Vi har\u00a0mer \u00e4n 30 \u00e5rs erfarenhet inom f\u00f6rs\u00e4ljning och kundservice. [\/vc_column_text][\/vc_column][\/vc_row][vc_row][vc_column][vc_column_text][\/vc_column_text][\/vc_column][\/vc_row][vc_row el_class=&#8221;container&#8221;][vc_column][vc_column_text]N\u00e5gra profilbilder \u00e4r tagna av Robert Hammar [&hellip;]<\/p>\n","protected":false},"author":1,"featured_media":0,"parent":797,"menu_order":0,"comment_status":"closed","ping_status":"closed","template":"ingen-header.php","meta":{"_crosspost_to_1":false,"_crosspost_to_5":false,"_crosspost_to_15":false,"footnotes":""},"class_list":["post-799","page","type-page","status-publish","hentry"],"acf":[],"_links":{"self":[{"href":"https:\/\/n3.se\/n3zones\/wp-json\/wp\/v2\/pages\/799","targetHints":{"allow":["GET"]}}],"collection":[{"href":"https:\/\/n3.se\/n3zones\/wp-json\/wp\/v2\/pages"}],"about":[{"href":"https:\/\/n3.se\/n3zones\/wp-json\/wp\/v2\/types\/page"}],"author":[{"embeddable":true,"href":"https:\/\/n3.se\/n3zones\/wp-json\/wp\/v2\/users\/1"}],"replies":[{"embeddable":true,"href":"https:\/\/n3.se\/n3zones\/wp-json\/wp\/v2\/comments?post=799"}],"version-history":[{"count":0,"href":"https:\/\/n3.se\/n3zones\/wp-json\/wp\/v2\/pages\/799\/revisions"}],"up":[{"embeddable":true,"href":"https:\/\/n3.se\/n3zones\/wp-json\/wp\/v2\/pages\/797"}],"wp:attachment":[{"href":"https:\/\/n3.se\/n3zones\/wp-json\/wp\/v2\/media?parent=799"}],"curies":[{"name":"wp","href":"https:\/\/api.w.org\/{rel}","templated":true}]}}