{"id":797,"date":"2017-05-10T12:13:21","date_gmt":"2017-05-10T10:13:00","guid":{"rendered":"http:\/\/168920-www.web.tornado-node.net\/renholdssoner\/hvem-er-vi-2\/"},"modified":"2025-09-24T11:25:15","modified_gmt":"2025-09-24T09:25:15","slug":"om-oss","status":"publish","type":"page","link":"https:\/\/n3.se\/n3zones\/om-oss\/","title":{"rendered":"Om oss"},"content":{"rendered":"<p>[vc_row][vc_column][rev_slider_vc alias=&#8221;hvem-er-vi-svenska&#8221;][\/vc_column][\/vc_row][vc_row el_class=&#8221;smallcontainer&#8221;][vc_column][vc_column_text]<\/p>\n<h1 style=\"text-align: center;\">Vilka vi \u00e4r<\/h1>\n<h4>N3 etablerades 1996 och \u00e4r marknadsledare inom b\u00e4rkraftiga entr\u00e9l\u00f6sningar f\u00f6r ing\u00e5ngspartier och entr\u00e9er i Norge och Sverige. Vi har utvecklat och \u00e4ger varum\u00e4rkena N3zones, Renholdssoner och N3smart. Totalt har vi genomf\u00f6rt mer \u00e4n 31 000 installationer med ett enda m\u00e5l om att stoppa mest m\u00f6jliga m\u00e4ngd smuts samt vatten! Det internationella varum\u00e4rket N3zones lanserades i Sverige i 2014.<\/h4>\n<h3>Innovativa l\u00f6sningar<\/h3>\n<p>N3zones best\u00e5r av olika element som tillsammans ger kunden en helhetsl\u00f6sning som h\u00e5ller det vi lovar, dag efter dag och i alla slags v\u00e4der. V\u00e5ra entr\u00e9l\u00f6sningar \u00e4r flexibla och enkla att underh\u00e5lla.<\/p>\n<h3>V\u00e4rdebaserad kultur<\/h3>\n<p>Kulturen i N3 \u00e4r byggd p\u00e5 starka v\u00e4rderingar om en \u00f6nskan att g\u00f6ra v\u00e4rlden till en b\u00e4ttre plats att vara p\u00e5 och tar d\u00e4rf\u00f6r milj\u00f6 samt h\u00e4lsa p\u00e5 st\u00f6rsta allvar. Vi \u00e4r d\u00e4rf\u00f6r bl.a. medlem i Initiativ f\u00f6r etisk handel. Detta f\u00f6rh\u00e5llningss\u00e4tt till v\u00e5r verksamhet \u00e4r en viktig drivkraft f\u00f6r v\u00e5ra anst\u00e4llda, som genom det k\u00e4nner stolthet och lojalitet till sin arbetsplats.[\/vc_column_text][\/vc_column][\/vc_row][vc_row el_class=&#8221;countup&#8221;][vc_column][vc_row_inner content_placement=&#8221;middle&#8221; el_class=&#8221;container&#8221;][vc_column_inner width=&#8221;1\/4&#8243;][vc_column_text][\/vc_column_text][\/vc_column_inner][vc_column_inner width=&#8221;1\/4&#8243;][vc_column_text css_animation=&#8221;fadeIn&#8221;]<\/p>\n<div class=\"count-wrapper\">\n<p>&nbsp;<\/p>\n<p style=\"text-align: center;\"><span class=\"count-heading\">Installationer<\/span><\/p>\n<h3 class=\"count-number\" style=\"text-align: center;\">31005<\/h3>\n<\/div>\n<p>[\/vc_column_text][\/vc_column_inner][vc_column_inner width=&#8221;1\/4&#8243;][vc_column_text css_animation=&#8221;fadeIn&#8221;]<\/p>\n<div class=\"count-wrapper\">\n<p>&nbsp;<\/p>\n<p style=\"text-align: center;\"><span class=\"count-heading\">Etablerat<\/span><\/p>\n<h3 class=\"count-number\" style=\"text-align: center;\">1996<\/h3>\n<\/div>\n<p>[\/vc_column_text][\/vc_column_inner][vc_column_inner width=&#8221;1\/4&#8243;][vc_column_text][\/vc_column_text][\/vc_column_inner][\/vc_row_inner][\/vc_column][\/vc_row][vc_row el_class=&#8221;grey double-row&#8221;][vc_column el_class=&#8221;container&#8221;][vc_row_inner el_class=&#8221;smallcontainer&#8221;][vc_column_inner][vc_column_text el_id=&#8221;historia&#8221; el_class=&#8221;anker&#8221;][\/vc_column_text][vc_column_text]<\/p>\n<h2 style=\"text-align: center;\">V\u00e5r historia<\/h2>\n<h4>De tv\u00e5 grundarna, Dag Hognerud och Henrik Foss, skapade Milj\u00f6fornyelse AS 1996. Den ursprungliga aff\u00e4rsid\u00e9n var att utveckla nya metoder f\u00f6r att hindra fukt och smuts att dras in i byggnader. \u00c5r 2006 lanserade grundarna varum\u00e4rket Renholdssoner i Norge och i 2014 lanserades varum\u00e4rket N3zones i Sverige. N3 \u00e4r i dag marknadsledande med \u00f6ver 31 000 installationer i Norge och Sverige.<\/h4>\n<p>[\/vc_column_text][vc_empty_space][vc_empty_space][vc_column_text el_class=&#8221;knapp&#8221;]<\/p>\n<h6>Karri\u00e4r hos oss?<\/h6>\n<p>N3 \u00e4r ett f\u00f6retag som bygger v\u00e5r egen kultur och gemensamma framtid p\u00e5 goda f\u00f6rh\u00e5llningss\u00e4tt och v\u00e4rderingar. Kvalitet, service och professionalitet \u00e4r egenskaper som vi s\u00e4tter stort v\u00e4rde p\u00e5 hos v\u00e5ra medarbetare och vi ska s\u00e4rskilja oss fr\u00e5n v\u00e5ra konkurrenter genom att g\u00f6ra \u201ddet lilla extra\u201d.<\/p>\n<p><a href=\"\/karriar\/\" target=\"_blank\" rel=\"noopener noreferrer\">L\u00e4s mer<\/a>[\/vc_column_text][\/vc_column_inner][\/vc_row_inner][\/vc_column][\/vc_row][vc_row el_class=&#8221;double-row&#8221;][vc_column el_class=&#8221;container&#8221;][vc_row_inner el_class=&#8221;smallcontainer&#8221;][vc_column_inner][vc_column_text el_id=&#8221;miljo-og-klimat&#8221; el_class=&#8221;anker&#8221;][\/vc_column_text][vc_column_text css=&#8221;.vc_custom_1608292725588{padding-bottom: 30px !important;}&#8221;]<\/p>\n<h2 style=\"text-align: center;\">Milj\u00f6medvetenhet och klimatneutralitet<\/h2>\n<h4>Vi p\u00e5 N3 arbetar kontinuerligt f\u00f6r att reducera v\u00e5r klimat- och milj\u00f6belastning och har en klimathandlingsplan som ger en detaljerad \u00f6versikt \u00f6ver \u00e5tg\u00e4rderna som vi vidtar.<\/h4>\n<p>[\/vc_column_text][\/vc_column_inner][\/vc_row_inner][vc_row_inner el_class=&#8221;smallcontainer&#8221;][vc_column_inner width=&#8221;1\/2&#8243;][vc_column_text]V\u00e5r verksamhet \u00e4r klimatneutral och vi har genom m\u00e5linriktat arbete eliminerat m\u00e5nga klimatbelastande och f\u00f6rorenande led genom hela leveranskedjan till kunden. Vi \u00e4r ocks\u00e5 med i projektet Plant a Billion Trees d\u00e4r vi planterar ett tr\u00e4d f\u00f6r varje entr\u00e9 som vi arbetar med. V\u00e5rt f\u00f6rsta m\u00e5l \u00e4r att plantera 100 000 tr\u00e4d.<\/p>\n<p>&nbsp;<\/p>\n<p><a href=\"https:\/\/n3.se\/wp-content\/uploads\/sites\/7\/2021\/03\/2022-N3-Klimaregnskap.pdf\">Klimatbokslut<\/a><br \/>\n<a href=\"https:\/\/n3zonesgroup.se\/n3zones\/wp-content\/uploads\/sites\/7\/2021\/03\/Klimasertifikat-N3-2023.pdf\">Klimatcertifikat<\/a>\u00a0<em><br \/>\n<\/em> <a href=\"https:\/\/n3.se\/wp-content\/uploads\/sites\/7\/2023\/09\/N3-Miljofyrtarn-2022-1.pdf\">Klimat- och milj\u00f6rapport<\/a><br \/>\n<a href=\"https:\/\/n3.se\/wp-content\/uploads\/sites\/7\/2021\/03\/Miljofyrtarnsertifikat_-2024-2027.pdf\">Milj\u00f6fyrt\u00e5rn certifikat<\/a><br \/>\n<a href=\"https:\/\/n3.se\/wp-content\/uploads\/sites\/7\/2021\/03\/N3-Norge-AS-ISO-14001-Sertifikat-gyldig-til-23.03.2027.pdf\">ISO-certifikat<\/a><em><br \/>\n<\/em><a href=\"https:\/\/n3.se\/wp-content\/uploads\/sites\/7\/2021\/03\/Solar-power-project-in-India-\u2013-Gold-Standard-Certified.pdf\" target=\"_blank\" rel=\"noopener noreferrer\">V\u00e5rt klimatprojekt<\/a><em><br \/>\n<\/em><a href=\"http:\/\/www.plantabillion.org\/\" target=\"_blank\" rel=\"noopener noreferrer\">Plant A Billion Trees<\/a><em><br \/>\n<\/em><a href=\"https:\/\/n3zonesgroup.se\/n3zones\/forside-2\/kalkylator\/\" target=\"_blank\" rel=\"noopener noreferrer\">Klimat- och milj\u00f6kalkylator<\/a><br \/>\n<a href=\"https:\/\/n3.se\/wp-content\/uploads\/sites\/7\/2022\/03\/Medlemsbevis-Stadbranschen-Sverige.pdf\">Medlem av St\u00e4dbranschen 2022<\/a>[\/vc_column_text][\/vc_column_inner][vc_column_inner width=&#8221;1\/2&#8243;][vc_single_image image=&#8221;450&#8243; img_size=&#8221;full&#8221; alignment=&#8221;center&#8221;][\/vc_column_inner][\/vc_row_inner][vc_row_inner el_class=&#8221;smallcontainer&#8221;][vc_column_inner][vc_single_image image=&#8221;1917&#8243; img_size=&#8221;full&#8221; css=&#8221;.vc_custom_1715865416658{padding-top: 50px !important;}&#8221;][\/vc_column_inner][\/vc_row_inner][\/vc_column][\/vc_row][vc_row el_class=&#8221;grey double-row avdelinger&#8221;][vc_column][vc_row_inner el_class=&#8221;smallcontainer&#8221;][vc_column_inner width=&#8221;1\/2&#8243;][vc_column_text el_class=&#8221;knapp&#8221;]<\/p>\n<h6>V\u00e5ra avdelningar<\/h6>\n<p><a href=\"\/n3zones\/om-oss\/vare-avdelningar\/\">L\u00e4s mer<\/a>[\/vc_column_text][\/vc_column_inner][vc_column_inner width=&#8221;1\/2&#8243;][vc_column_text el_class=&#8221;knapp&#8221;]<\/p>\n<h6>V\u00e5r ledning<\/h6>\n<p><a href=\"\/n3zones\/om-oss\/var-ledning\/\">L\u00e4s mer<\/a>[\/vc_column_text][\/vc_column_inner][\/vc_row_inner][\/vc_column][\/vc_row][vc_row el_class=&#8221;double-row&#8221;][vc_column el_class=&#8221;container&#8221;][vc_row_inner el_class=&#8221;smallcontainer&#8221;][vc_column_inner][vc_column_text el_id=&#8221;samhallsansvar&#8221; el_class=&#8221;anker&#8221;][\/vc_column_text][vc_column_text css=&#8221;.vc_custom_1608292760283{padding-bottom: 30px !important;}&#8221;]<\/p>\n<h2 style=\"text-align: center;\">Tar samh\u00e4llsansvar<\/h2>\n<h4>N3 ska i alla led bedriva en ansvarsfull, etisk och sund aff\u00e4rsverksamhet. Vi ska st\u00e4lla str\u00e4nga krav p\u00e5 oss sj\u00e4lva och hur vi p\u00e5verkar milj\u00f6n och samh\u00e4llet i stort.<\/h4>\n<p>[\/vc_column_text][\/vc_column_inner][\/vc_row_inner][vc_row_inner el_class=&#8221;smallcontainer&#8221;][vc_column_inner width=&#8221;1\/2&#8243;][vc_single_image image=&#8221;474&#8243; img_size=&#8221;full&#8221; alignment=&#8221;center&#8221;][\/vc_column_inner][vc_column_inner width=&#8221;1\/2&#8243;][vc_column_text]Den h\u00e4r inst\u00e4llningen p\u00e5verkar v\u00e5rt erk\u00e4nnande av n\u00e4ringslivets grundl\u00e4ggande ansvar att bedriva sin verksamhet p\u00e5 ett h\u00e5llbart s\u00e4tt och med respekt f\u00f6r m\u00e4nniskor och milj\u00f6. N3 ska ocks\u00e5 bidra till en h\u00e5llbar utveckling genom mer milj\u00f6v\u00e4nliga produkter, effektivare resursanv\u00e4ndning, f\u00f6rb\u00e4ttringsarbete i hela leverant\u00f6rskedjan och en i allm\u00e4nhet ansvarsfull drift.[\/vc_column_text][vc_single_image image=&#8221;1882&#8243; img_size=&#8221;full&#8221; css=&#8221;.vc_custom_1681297573344{padding-top: 25px !important;}&#8221;][\/vc_column_inner][\/vc_row_inner][\/vc_column][\/vc_row]<\/p>\n","protected":false},"excerpt":{"rendered":"<p>[vc_row][vc_column][rev_slider_vc alias=&#8221;hvem-er-vi-svenska&#8221;][\/vc_column][\/vc_row][vc_row el_class=&#8221;smallcontainer&#8221;][vc_column][vc_column_text] Vilka vi \u00e4r N3 etablerades 1996 och \u00e4r marknadsledare inom b\u00e4rkraftiga entr\u00e9l\u00f6sningar f\u00f6r ing\u00e5ngspartier och entr\u00e9er i Norge och [&hellip;]<\/p>\n","protected":false},"author":1,"featured_media":0,"parent":0,"menu_order":4,"comment_status":"closed","ping_status":"closed","template":"","meta":{"_crosspost_to_1":false,"_crosspost_to_5":false,"_crosspost_to_15":false,"footnotes":""},"class_list":["post-797","page","type-page","status-publish","hentry"],"acf":[],"_links":{"self":[{"href":"https:\/\/n3.se\/n3zones\/wp-json\/wp\/v2\/pages\/797","targetHints":{"allow":["GET"]}}],"collection":[{"href":"https:\/\/n3.se\/n3zones\/wp-json\/wp\/v2\/pages"}],"about":[{"href":"https:\/\/n3.se\/n3zones\/wp-json\/wp\/v2\/types\/page"}],"author":[{"embeddable":true,"href":"https:\/\/n3.se\/n3zones\/wp-json\/wp\/v2\/users\/1"}],"replies":[{"embeddable":true,"href":"https:\/\/n3.se\/n3zones\/wp-json\/wp\/v2\/comments?post=797"}],"version-history":[{"count":0,"href":"https:\/\/n3.se\/n3zones\/wp-json\/wp\/v2\/pages\/797\/revisions"}],"wp:attachment":[{"href":"https:\/\/n3.se\/n3zones\/wp-json\/wp\/v2\/media?parent=797"}],"curies":[{"name":"wp","href":"https:\/\/api.w.org\/{rel}","templated":true}]}}